he highest common factor of 2928 and 96144?
48
Calculate the greatest common factor of 38 and 508307.
19
What is the greatest common factor of 8716 and 5?
1
Calculate the highest common factor of 22604 and 12.
4
Calculate the highest common divisor of 5143 and 1813.
37
Calculate the greatest common divisor of 567 and 148029.
21
What is the highest common factor of 6719923 and 7?
7
Calculate the greatest common factor of 24 and 25548.
12
What is the greatest common factor of 2492 and 1036?
28
What is the highest common factor of 436 and 133852?
436
Calculate the highest common factor of 232 and 1617678.
58
Calculate the highest common divisor of 37611 and 567.
189
Calculate the greatest common divisor of 4510 and 1430.
110
What is the greatest common divisor of 214776 and 228?
228
What is the highest common divisor of 111155 and 47?
47
What is the highest common divisor of 23482 and 24278?
398
Calculate the highest common factor of 630 and 13790.
70
Calculate the greatest common factor of 17429 and 1450.
29
What is the greatest common factor of 6 and 908826?
6
What is the highest common divisor of 12051 and 5499?
117
Calculate the greatest common divisor of 24 and 11688.
24
Calculate the greatest common factor of 65 and 278421.
13
What is the greatest common divisor of 1404701 and 41?
41
What is the highest common divisor of 3408 and 42?
6
Calculate the highest common divisor of 48 and 382548.
12
What is the greatest common factor of 400 and 6224?
16
Calculate the greatest common divisor of 1900 and 228.
76
Calculate the highest common factor of 1337 and 23111.
191
What is the highest common factor of 30933 and 4032?
63
Calculate the highest common divisor of 2900 and 40.
20
What is the highest common divisor of 2390 and 360?
10
What is the highest common factor of 82233 and 9?
9
Calculate the highest common factor of 1900 and 10260.
380
What is the highest common divisor of 58256 and 143?
11
Calculate the highest common factor of 30 and 57770.
10
Calculate the highest common divisor of 2741569 and 1195.
239
Calculate the highest common divisor of 160 and 31880.
40
What is the greatest common factor of 1254 and 82137?
627
What is the highest common factor of 144 and 6456?
24
Calculate the greatest common factor of 40500 and 243.
81
What is the greatest common factor of 36 and 44613?
9
Calculate the greatest common factor of 182 and 16978.
26
Calculate the highest common factor of 142 and 46.
2
What is the highest common divisor of 71304 and 2892?
12
What is the highest common divisor of 129465 and 70?
35
Calculate the highest common divisor of 1398 and 3.
3
Calculate the greatest common factor of 69513 and 55709.
493
What is the greatest common divisor of 2 and 230474?
2
Calculate the highest common factor of 3780 and 3285.
45
What is the greatest common divisor of 31324 and 13752?
764
Calculate the greatest common divisor of 274379 and 133.
133
Calculate the highest common factor of 29425 and 550.
275
What is the highest common divisor of 124265 and 1943?
29
Calculate the highest common divisor of 2540332 and 692.
692
Calculate the highest common divisor of 85 and 26996.
17
What is the greatest common factor of 249280 and 418?
38
Calculate the highest common factor of 65056 and 19760.
304
Calculate the greatest common divisor of 153990 and 72.
18
What is the highest common factor of 387 and 1332828?
387
Calculate the highest common divisor of 5627 and 8007.
17
Calculate the highest common factor of 92740 and 20.
20
Calculate the greatest common factor of 11360 and 6745.
355
What is the greatest common divisor of 150 and 302190?
30
What is the greatest common divisor of 14131 and 52?
13
Calculate the highest common divisor of 9792 and 24327.
153
Calculate the greatest common factor of 1602 and 1017.
9
Calculate the greatest common divisor of 26469 and 204.
51
What is the greatest common factor of 1029463 and 6187?
269
What is the greatest common factor of 29 and 3738767?
29
Calculate the greatest common factor of 7191 and 3672.
153
Calculate the greatest common divisor of 49345 and 15290.
695
Calculate the highest common factor of 32056 and 64.
8
Calculate the highest common factor of 155 and 22413.
31
Calculate the highest common divisor of 57 and 166231.
19
What is the highest common divisor of 11448 and 4536?
216
Calculate the highest common divisor of 4232 and 4922.
46
What is the highest common factor of 12558 and 147?
21
What is the greatest common factor of 45 and 39765?
15
What is the highest common factor of 398 and 644362?
398
Calculate the highest common factor of 5467 and 28028.
77
Calculate the highest common divisor of 380354 and 26.
26
What is the highest common divisor of 762 and 132334?
254
Calculate the greatest common divisor of 783812 and 699.
233
What is the highest common divisor of 141 and 32994?
141
What is the greatest common divisor of 377196 and 204?
204
Calculate the highest common divisor of 34554 and 546.
78
Calculate the highest common divisor of 125280 and 243.
27
What is the highest common divisor of 8096 and 228896?
736
What is the greatest common factor of 120550 and 50?
50
Calculate the greatest common factor of 652536 and 76.
76
Calculate the highest common divisor of 3215814 and 276.
138
Calculate the greatest common factor of 10004360 and 20.
20
Calculate the greatest common divisor of 7008 and 1176.
24
Calculate the highest common factor of 1608 and 2613.
201
Calculate the greatest common factor of 4266 and 918.
54
What is the greatest common factor of 2532920 and 1040?
520
Calculate the highest common divisor of 97966 and 610.
122
What is the highest common divisor of 121 and 707729?
121
Calculate the greatest common factor of 261 and 52867.
29
What is the highest common divisor of 1212236 and 20?
4
What is the greatest common factor of 1957955 and 410?
205
Calculate the greatest common factor of 141 and 1068968.
47
Calculate the highest common factor of 7533 and 28179.
279
What is the greatest common factor of 484 and 444?
4
Calculate the greatest common divisor of 36666 and 1134.
378
Calculate the highest common factor of 922422 and 3.
3
Calculate the highest common factor of 561 and 11319.
33
Calculate the highest common factor of 364 and 25298.
182
Calculate the greatest common factor of 215895 and 1110.
555
What is the highest common divisor of 93565 and 60?
5
What is the highest common divisor of 36179 and 759?
253
Calculate the highest common factor of 288 and 8124768.
288
Calculate the highest common divisor of 1757 and 11044.
251
What is the greatest common factor of 29525 and 75?
25
What is the greatest common factor of 3 and 3425736?
3
Calculate the highest common factor of 162 and 106758.
162
Calculate the greatest common factor of 1311 and 667.
23
Calculate the highest common factor of 256 and 4984.
8
Calculate the highest common factor of 4801924 and 5144.
2572
Calculate the greatest common divisor of 1 and 5752.
1
Calculate the greatest common factor of 11554 and 1090.
218
Calculate the highest common divisor of 1271 and 123.
41
What is the greatest common factor of 42 and 1001721?
21
What is the highest common divisor of 856673 and 362?
181
What is the highest common divisor of 377 and 36257?
13
What is the highest common divisor of 54216 and 432?
216
What is the greatest common divisor of 468 and 137748?
156
Calculate the highest common factor of 6330074 and 202.
202
What is the greatest common factor of 10965 and 15?
15
What is the greatest common factor of 33536 and 43754?
262
What is the highest common divisor of 985 and 14845?
5
Calculate the highest common divisor of 8 and 471312.
8
What is the highest common divisor of 264 and 759?
33
What is the highest common divisor of 840 and 2080470?
210
Calculate the greatest common factor of 120 and 1992.
24
What is the greatest common divisor of 11 and 163538?
1
Calculate the greatest common factor of 34 and 9312498.
34
What is the highest common factor of 551377 and 29?
29
What is the greatest common divisor of 15862 and 8162?
154
What is the greatest common divisor of 24555 and 2505?
15
Calculate the highest common divisor of 80095 and 3735.
415
Calculate the greatest common factor of 11638484 and 44.
44
Calculate the highest common 